-3
Suppose -4*t = 3*q - 0*t - 11, t = -4*q - 7. Let u(o) = -5*o**2 - o - o**3 + 0*o - 3*o. Determine u(q).
-6
Let q = 35 - 41. Let o(g) = g**3 + 5*g**2 - 5*g - 2. Let b be o(q). Let h(k) = -k**3 - 9*k**2 - 8*k - 2. Give h(b).
-2
Let d(i) = -i - 2. Suppose 8*c = 13*c - 25. Determine d(c).
-7
Let h(n) = -n**3 + n**2. Let y(r) = 2*r**3 - 12*r**2 - 4*r - 1. Let g(z) = 3*h(z) + y(z). Calculate g(-8).
-33
Let v(h) = -5*h**2 - 15*h + 8. Let s(z) = 4*z**2 + 14*z - 7. Let y(w) = -6*s(w) - 5*v(w). Give y(6).
-16
Let m be 4/(-10) - (-852)/30. Suppose -m = -4*w + 7*s - 3*s, w = 2*s + 6. Suppose -z - w = z. Let t(l) = l**2 + 4*l + 3. What is t(z)?
3
Let x be 0/(-3 - 2 - -2). Suppose x = 4*q - 12. Let c(v) = 2 - 2*v - 5 + 0*v**3 + v - 4*v**2 - v**q. Determine c(-3).
-9
Let m(b) = -13*b + 6*b + 0*b - b**2 + 24 + 4*b + 20*b. Give m(18).
6
Suppose f = -0*f + 2*w, 0 = 4*f + 2*w. Let y(g) = 1 + 2 + g - 3*g**2 + f*g**3 + g**3 - 2. Suppose p - 4*n - 6 = 0, -4*n - 6 = -3*p + 4. Calculate y(p).
-1
Suppose 0 = -0*d - d - 4, 5*d = -4*h - 4. Suppose 2*r + 1 = 5*w, -4*r = -9*w + h*w + 17. Let x(j) = j**2 + 7*j - 10. Give x(r).
-2
Suppose -8*r = 59 - 11. Let h(i) = i**2 + 8*i + 2. Calculate h(r).
-10
Let d(g) = -13*g**2 - 1. Suppose -2*b + 2*f = 4, b - 4*f = -2*f - 3. Give d(b).
-14
Suppose -6*u + 5*u = -3. Let v(s) = -4*s**2 + 4*s - 1. Determine v(u).
-25
Let v(t) = -7 + 8 - t + t**2 + 2*t. Let q(c) = -3*c**2 - 2*c + 7. Let a(g) = 3*g**2 + 3*g - 8. Let h(f) = 6*a(f) + 7*q(f). Let z(l) = h(l) + 4*v(l). Give z(-6).
-7
Let a(n) = 28*n**3 - 2*n**2 - 4*n - 3. Let r be a(-1). Let h = r - -34. Let k(v) = -v + 1. Calculate k(h).
-4
Let o(z) = z**2 + 2*z - 2. Let r = -1752 - -1749. What is o(r)?
1
Suppose 19*n = -2*n - 42. Let h(k) be the third derivative of -k**5/60 + k**4/24 - 3*k**2. What is h(n)?
-6
Let a = -5 - -6. Suppose -3*d = a - 10. Let q(r) = -d + 0 + r + r. Calculate q(4).
5
Let q be (-100)/(-12) - 16/(-24). Let l(k) = k**3 - 10*k**2 + 9*k - 5. What is l(q)?
-5
Let q(g) = -13*g**3 - 3*g**2 + 9*g - 4. Let h(y) = 2*y**3 + 3*y**2 + y. Let v(c) = -6*h(c) - q(c). Calculate v(16).
20
Suppose 10 = 7*z - 2*z. Let g(v) = -v**2 - 108 - 7*v + 0*v**z + 110. Suppose -21 = 2*q - 7. Give g(q).
2
Let f(v) be the second derivative of -v**7/840 - v**6/36 + v**5/120 - v**4/12 + v**3/3 - 18*v. Let x(g) be the second derivative of f(g). Determine x(-10).
-12
Let x(p) be the second derivative of -p**5/20 - p**4 + 5*p**3 + 9*p**2 + 487*p. What is x(-14)?
-10
Let x(c) = -c**2 + 15*c - 3. Let f(w) = 13*w**3 + 2*w**2 + 8*w - 8. Let m be f(1). What is x(m)?
-3
Let q(s) = 13 + 41 - 83 - 4*s + 42 + 31. Give q(11).
0
Let r(c) = c**2 + 9*c + 4. Suppose 6*g = 4*g + 8, 3*k - g = 71. Suppose k + 7 = -4*w. Calculate r(w).
-4
Suppose 5*p + 8 = 5*b - 27, 5*b + 5*p = 15. Suppose 0 = 2*i - b*i + 6. Let x(h) = 3*h**2 + 0*h**i + 7 - 8*h - 2*h**2 + 1. What is x(7)?
1
Let s(j) = j**3 + 7*j**2 + 4*j - 6. Let g be -18*8/(-6)*(-5)/20. What is s(g)?
6
Let f(d) = -3*d + 4. Let n(g) = -2*g + 3. Let w(r) = 5*f(r) - 8*n(r). Let b(s) = -2*s**3 + 4*s**2 - 3*s. Let x = 2 + 0. Let a be b(x). What is w(a)?
-10
Let o(f) = 3*f**2 + f**2 + 1000 - 2*f + f**2 - 999. Determine o(1).
4
Let d be -28 + 33 + 7/(35/(-4))*5. Let p(w) be the second derivative of -7*w**4/12 + w**3/6 - w**2/2 - w. Determine p(d).
-7
Let w(f) be the third derivative of f**4/24 + 2*f**3/3 + 7*f**2. Let p(q) = 1. Let d(a) = 3*p(a) - w(a). What is d(6)?
-7
Suppose 30 = -5*r - 0. Let w(t) be the first derivative of -t**3/3 - 5*t**2/2 + t + 241. Calculate w(r).
-5
Let h(j) = j + 11. Let u(w) be the second derivative of -w**4/12 - w**3/2 + 21*w. Let d be u(-3). What is h(d)?
11
Let x(l) be the first derivative of 2*l**2 - 3*l - 142. Calculate x(-3).
-15
Let w(i) = -i**2 - 9*i + 4. Let k(l) = l**2 - 11*l - 7. Let n be k(12). Suppose -v = -0*v - z + n, v = -4*z + 20. Suppose v = -4*b - 18 - 22. Determine w(b).
-6
Suppose -5*k = -4*r + 7, -k + 1 = -3*r + 9. Let i(h) = h**3 - 6*h**2 + 3*h. Determine i(r).
-18
Let h(c) be the first derivative of -7*c**5/20 - c**4/6 + c**3/6 + 41*c + 35. Let y(n) be the first derivative of h(n). Determine y(1).
-8
Let x be ((-20)/(-50))/((4/(-10))/(-2)). Suppose 11 = -x*h - f, -8 = h - 4*f + 11. Let t(q) = -q**2 - 5*q + 5. What is t(h)?
-9
Let s(w) = -w**2 - 3*w + 7. Let n(c) = 8*c - 19. Let o be n(4). Let t = o + -18. Calculate s(t).
-3
Let h(w) = w**3 + 28*w**2 + 46*w - 148. Let i be h(-26). Let g(x) be the third derivative of x**6/120 - 3*x**5/20 + x**4/4 + x**3 - x**2. What is g(i)?
-10
Let s(v) = v**2 - 16*v + 33. Let o be s(14). Let u(n) = n**2 - 8*n + 6. Give u(o).
-9
Let v(g) = 7*g + 3. Suppose -2*p - 3*p = -5*r, -5*r = -3*p. Calculate v(p).
3
Let x(v) = -v**2 + 9*v + 13. Let m(r) = r**2 - 10*r - 14. Suppose 2*y = 4*s + 5 + 5, 0 = 3*y - 3*s - 12. Let k(l) = y*m(l) + 4*x(l). What is k(7)?
3
Let z(f) be the first derivative of 3*f**2/2 + f - 36. Calculate z(6).
19
Let j be 0*-2*(-4)/16. Suppose -9*r + 7*r + 12 = j. Let x(p) = 2*p - 2 - 2 - 4. Determine x(r).
4
Let l(p) = 2*p - 11. Suppose 3*r + 6 = -k, 2*k - 4 - 19 = r. Determine l(k).
7
Let l(t) be the first derivative of -t**3/3 - 5*t**2 - 5*t - 49. What is l(-6)?
19
Let c(l) = l**2 - 8*l - 4. Let v be -1 + (-3 - -5) + (-48 - -2). Let b be 10/v - 148/(-18). Calculate c(b).
-4
Suppose -2*a + a = -13. Suppose a - 11 = 2*h. Let u(z) = -6*z**2 + z. Let y be u(h). Let c(v) = v**3 + 5*v**2 - 3*v - 6. Calculate c(y).
9
Let f = -6 - -9. Let j(i) = -i**2 + 19*i - 17. Let u be j(18). Let w(x) = u - x**2 + 1 - 1. Determine w(f).
-8
Let d(c) = -6*c**3 - 2*c**2 - 3*c - 3. Let p(a) = -6*a**3 - 3*a**2 - 4*a - 4. Let k(x) = -4*d(x) + 3*p(x). Let g = 46 - 34. Let y = g - 13. Calculate k(y).
-7
Suppose 27 = 4*h - 57. Let d = h - 17. Let w(p) = -p**3 + 5*p**2 - 2*p + 2. Let t(g) = -g**3 + 6*g**2 - 3*g + 3. Let m(s) = d*t(s) - 5*w(s). What is m(2)?
2
Let c(l) = -l**3 + 7*l**2 - l + 6. Suppose 3*i - 14 = t + 2, t - 2 = 0. Suppose 4*q + 2 = 2*p, 19 = 4*p - i*q + 3*q. Calculate c(p).
-1
Suppose u - 3*a - 1 = 0, -17 + 3 = 2*u + 2*a. Let l(b) be the second derivative of 1/20*b**5 + 0 + 0*b**3 + 5/12*b**4 + 4*b - 7/2*b**2. What is l(u)?
-7
Let p(i) be the second derivative of -i**8/6720 - i**7/630 - i**6/360 + i**4/3 + 3*i**2 - 31*i + 2. Let o(d) be the third derivative of p(d). What is o(-4)?
8
Let n(i) be the third derivative of i**5/120 - i**4/6 - i**3/6 + 5*i**2. Let j(l) be the first derivative of n(l). Let v = -82 + 88. Give j(v).
2
Let l(n) = -5*n - 1. Let v(b) = 28*b + 4. Let d(t) = 11*l(t) + 2*v(t). Let k(r) = -r**3 - 5*r**2 + 2*r + 6. Suppose -f + 1 - 6 = 0. Let w be k(f). What is d(w)?
-7
Suppose 2*f + y - 2 = 0, 3*y = 2*f - 4*f - 6. Let m(u) = 2 + 4*u**2 - 2*u - f*u - 5*u**2. Suppose 2*h = -5*c - 3, 2*c = 2*h - 0*c + 10. What is m(h)?
6
Let m(p) = 16*p - 37*p - 1 + 19*p. Let t = -15 + 22. Suppose -4*b = 2*n - 5*n + 25, t = -4*b - 3*n. Calculate m(b).
7
Let k(u) = u**2 - 10*u + 5. Suppose -75 = -13*h + 55. Calculate k(h).
5
Let s be (2/(-3))/(-11 + 2748/252). Let q(h) = -2*h**3 + 12*h**2 + 14*h + 6. Determine q(s).
6
Let t(u) = 3*u**2 + 6*u - 25 + 22 - 4*u**2 + 2 + 20. Calculate t(10).
-21
Let a(k) = 9*k - 7*k + 6 - 7*k - 7. What is a(-1)?
4
Suppose 2*p - 3*x - 16 = 0, 3*p - 2*x + 0*x = 14. Let d(i) = 9 - p*i - 3*i + 6*i. Give d(-5).
4
Let b(c) = c**2 + 23*c + 133. Let u be b(-14). Let h(a) = a**2 - 5*a - 8. What is h(u)?
6
Let q(u) = 6*u**3 - u**2 + 4*u - 3. Let j be q(1). Let n(b) = 3 - 7 - j - b + 7. Let z be (0 + (-2)/4)*-8. Calculate n(z).
-7
Let n(c) be the second derivative of c**3/3 - 2*c**2 - c. Let f(q) = 3*q**2 + 86*q - 24. Let m be f(-29). Calculate n(m).
6
Let b(k) = -k**3 - k**2 + 2*k. Let i be b(0). Let w(v) = i + 1 - 6*v + 9*v. Give w(-2).
-5
Let t(o) = 2*o**3 + 4*o**2 - 2*o - 5. Let z be 36/24*2/4*-4. Calculate t(z).
-17
Let g(a) = a - 4. Let b(f) = -5*f + 21. Let s(n) = -2*b(n) - 11*g(n). Suppose 164 = 43*w + 78. What is s(w)?
0
Let m(y) = y + 7. Suppose -5*q - 33 - 117 = 0. Let t = q + 35. Calculate m(t).
12
Suppose -z - 3*i - 2 = 9, 4*z + 5*i + 9 = 0. Let j(r) = -9 - z*r - 5 + 13. Suppose 0 = 3*p - 3*k - 9, 0*k - 4*k = 8. What is j(p)?
-5
Let i(v) = -v**2 + 10*v - 8. Let k = -152 - -162. Calculate i(k).
-8
Let p(n) = 1 - 1 - 1. Let g(y) be the first derivative of -